r). Let g(q) = -6*q + 1. Determine g(o).
-5
Let p be -4 - (-6 + -1 - 1). Let v(x) = -x + p - 5 + 1 - 2. Calculate v(-2).
0
Let s(v) = -2*v**3 - v**2 + 4*v - 3. Let g = 56 + -54. Give s(g).
-15
Let w be (-4)/2 + (-6)/(-2). Let m(a) = -a**2 + 1 + 0 + 0*a**2. Calculate m(w).
0
Let v(g) = -2*g**3 - 6*g - 6. Let l(y) = y + 1. Let h(o) = -5*l(o) - v(o). Let a = -2 - -5. Suppose -4*t - a = -t. Determine h(t).
-2
Let l(j) = j. Let u(i) = 2. Let s(a) = 4*l(a) - u(a). Let p(k) = 9*k - 5. Let x(z) = -3*p(z) + 7*s(z). Calculate x(2).
3
Suppose 10 = 2*o, 5*o - 2*o = -3*c + 69. Suppose g - 5*n + 19 = -0*n, 4*n = -2*g + c. Let z(u) = -u**2 - u + 1. Give z(g).
-1
Let z(j) = 0*j - 2*j + 5*j**3 - 4*j**3 - j**2. Let h(s) = 244*s - 3 - 245*s + 2. Let c be h(-3). What is z(c)?
0
Let x(b) be the second derivative of -b**7/210 + b**6/180 + b**5/60 + b**4/24 + b**3/2 - b. Let o(v) be the second derivative of x(v). Give o(-1).
5
Let z = -3 - -3. Suppose 4*t + z*t = 0. Suppose -3*k + 5*k = t. Let i(y) = y + 4. What is i(k)?
4
Let l(y) = -y**2 + 8*y - 1. Let w be l(7). Let u(z) = -2 - 1 - w + 7*z + 4 - z**2. Determine u(5).
5
Let l(a) be the second derivative of 0*a**3 + 0 + 1/12*a**4 + a - 5/2*a**2. Give l(0).
-5
Let t(u) = u**3 + 4*u**2 + u + 0*u**3 + 3*u + 2. Suppose z - 3*z - 10 = 0. Let c = z - -2. What is t(c)?
-1
Let n(t) = -5*t + 19. Let b be n(4). Let x(v) = -2*v**3 - 3*v**3 - v + 4*v**3. Calculate x(b).
2
Let v = 0 - 3. Let h be 1*16*v/(-6). Suppose -q - q - 4*f = h, q + 5*f + 10 = 0. Let u(p) = -p**3 + 9. Calculate u(q).
9
Let m(j) = -j + 0*j + j + 6 - 2*j. Calculate m(5).
-4
Let w be (-10 + 2)*5/4. Let c be ((-8)/w)/((-10)/(-25)). Suppose -3*r - c = 7. Let g(v) = v**3 + 4*v**2 + 3*v - 3. What is g(r)?
-3
Suppose -g = -v - 5*g - 13, -v - g + 2 = 0. Let y(c) = -c**2 + 6*c - 2. Determine y(v).
-9
Let a(d) be the third derivative of -d**6/120 + d**5/12 + 7*d**4/24 - 3*d**3/2 - 25*d**2. Calculate a(6).
-3
Let o(m) = m**3 - m**2 - 3*m - 4. Let x = -27 + 30. Determine o(x).
5
Let m(u) = u**3 - 8*u**2 + 9*u - 6. Let o be m(7). Let i = o - 4. Let d(p) be the first derivative of -p**2/2 + 5*p - 1. Calculate d(i).
1
Suppose 5 + 7 = 5*g - 3*l, 4*g = -2*l + 14. Let o(a) = a. What is o(g)?
3
Let t = -4 + 6. Let g(i) = i**2 + 16 - t*i**2 - 16. Give g(4).
-16
Let p(f) = 3*f**2 - f + 0 - 2 + 3*f**3 - 4*f**3 + 1. Calculate p(2).
1
Let p = 0 - -2. Let i(x) = -8 - 3*x - 3 + p*x + 2*x. Determine i(0).
-11
Suppose 0 = 4*d - 2*s - 56, 2*s + 0 + 20 = d. Suppose 0 = -4*n + d, 0*t + 2*n - 3 = -3*t. Let u(k) = -3*k**3 + k**2 + k + 1. Calculate u(t).
4
Let s(y) = 12 + 4*y**3 + y**2 - 12. Suppose -k = -4*l - 7, 5*l - 12 = 2*l - 5*k. Determine s(l).
-3
Suppose -l = 4*l - 35. Let t(q) be the first derivative of -q**2/2 + 2*q - 19. Calculate t(l).
-5
Let d = -3 + 0. Let a be -3 + 1 + 6/d. Let s(h) be the first derivative of -h**2 - 4*h - 1. Determine s(a).
4
Suppose 5*d = -0*i + 3*i - 2, 0 = -4*i + 3*d - 12. Let t(q) = -3*q + 3. Let v(x) = x - 2. Let s(f) = -4*t(f) - 10*v(f). Give s(i).
-4
Suppose 3*x = 7*x + 3*t + 13, 2*x + 5 = -t. Let r(m) = m + 1. What is r(x)?
0
Let z(w) be the third derivative of w**5/20 + w**4/12 + w**3/6 + 3*w**2. Let s(p) = -4*p**2 - 2*p - 2. Let l(n) = -2*s(n) - 3*z(n). What is l(-2)?
1
Let s(m) be the second derivative of -m**4/12 - m**3/2 - 2*m**2 + 7*m. Determine s(-3).
-4
Let h(u) = -u - 4. Let z(g) = -2*g - 17. Let o(a) = -9*h(a) + 2*z(a). Calculate o(-2).
-8
Let n(g) be the third derivative of -g**4/8 + 11*g**3/6 + 35*g**2. Give n(9).
-16
Suppose t - 6*t = 3*m - 15, 0 = -m - 5*t + 15. Let q(d) = -2*d + 4*d + m*d - 7 + 10. Suppose i = -3 - 2. What is q(i)?
-7
Let j(s) = -s**2 - 5*s + 6. Let b be j(-5). Let g(i) = 9*i**3 + i**2 - 13*i - 9. Let f(w) = 5*w**3 - 7*w - 5. Let z(k) = -11*f(k) + 6*g(k). Calculate z(b).
-5
Suppose m - 3 = 4*s, -4*s = 2*m + 2*m + 8. Let i(c) = -c**3 + 6*c**2 + 9*c - 9. Let p be i(7). Let d(t) = -2*t**3 + p - 5 - t**3. What is d(s)?
3
Let i be -3 + (-5 - -1)/(-4). Let n(p) = -p**3 - 2*p**2 - p - 1. What is n(i)?
1
Let p = -11 + 16. Let u(z) = z**2 - 7*z + 3. What is u(p)?
-7
Let t(o) = -o**3 - 5*o**2 + 7*o + 1. Let a be t(-6). Let w(m) = 2*m + 7. What is w(a)?
-3
Let v(k) be the third derivative of 0 - 3*k**2 - 1/24*k**5 + 0*k + 1/180*k**6 - 1/2*k**3 + 1/6*k**4. Let g(o) be the first derivative of v(o). Calculate g(3).
7
Let v(r) = 2*r**2 - 8*r - 7. Let x be v(5). Let h(b) = b**3 - b**2 - b + 1. Calculate h(x).
16
Let g(k) = -9*k**3 + 2*k**2 - 9*k + 12. Let q(h) = 4*h**3 - h**2 + 4*h - 6. Let s(d) = 3*g(d) + 7*q(d). Suppose 10*r - 6*r = 0. Determine s(r).
-6
Let m(k) = -k**2 - k + 1. Suppose 14*l - 11*l = 0. What is m(l)?
1
Let n(o) be the second derivative of 2*o**2 - 1/3*o**4 + 2*o - 1/6*o**3 + 0 - 1/20*o**5. What is n(-3)?
-2
Suppose -5*u + 5*t = 0, -3*u - t = -2*u. Let i(j) = j + 9 + u - 3. What is i(-6)?
0
Let u be 4/(-6) + 2/(-6). Let g(i) = 4537 - 4*i - 4538 + 2*i + 7*i**2 + 0*i. What is g(u)?
8
Let v(d) be the first derivative of d**4/4 - d**3/3 - 5*d**2/2 + 3*d + 10. Give v(3).
6
Let t(b) = -b**2 + b + 1. Let h be 4/(-14) + (-23)/(-7). Let n be t(h). Let s(w) = w**3 + 4*w**2 - 5*w + 5. Calculate s(n).
5
Suppose -2*u + 7 = -l, 2*u + u + 4*l + 6 = 0. Let r(v) = v**3 + 8*v**2 + v + 10. Let p be r(-8). Let i(s) = 0*s**2 - p*s + 2 + s**2 + 0 - 3. What is i(u)?
-1
Let n(x) = x**2 - 6*x - 4. Let o be (-57)/(-12) + 7/28. Give n(o).
-9
Let h be (-7 - (-4)/2)/1. Let r be (-1)/1 + h + 2. Let o(t) = -t**3 - 4*t**2 + t - 3. Determine o(r).
-7
Let l be (-1 + 4)*(-1)/(-3). Let z(y) be the third derivative of 7*y**5/60 + y**3/6 - 7*y**2. Calculate z(l).
8
Let w(j) be the third derivative of j**5/60 - j**4/6 + 2*j**2. Let r be w(4). Let p(u) = -2 - 9*u + u**2 + r + 2*u + 5. Calculate p(6).
-3
Let z(g) be the first derivative of g**4/4 - g**2/2 - 3*g - 8. Give z(0).
-3
Suppose -3*n + 21 = -3*i, i + 4 = -5*n + 9. Let w be 1*(-3)/((-3)/7). Let f(l) = -w*l - l**n - 4*l - 4 + 4*l. Give f(-3).
8
Let c(z) = -2*z**2 + 8*z + 5. Let f(j) = 3*j - 6. Let b be f(4). Calculate c(b).
-19
Let l = 7 - 5. Let d = 1 + l. Let n(u) = 4*u - 2*u - 4*u + d*u. Give n(-3).
-3
Let y(j) be the first derivative of -j**3/3 + j**2/2 + j - 1. Let a(r) = 6*r**2 + 2*r - 1. Let o(i) = a(i) + 5*y(i). Calculate o(-5).
-6
Let n(m) = -5*m + 21. Let o(y) = y - 5. Let x(k) = -2*k - 7. Let v be x(-8). Let s(u) = v*o(u) + 2*n(u). Give s(5).
-8
Let j(i) be the first derivative of -i**4/2 + i**3/3 - i**2/2 + i + 7. What is j(2)?
-13
Let d(a) = a + 2. Let j(l) = -l**3 + l**2 - l. Let p(t) = -3*t**3 - 10*t + 2. Let s(m) = 4*j(m) - p(m). Let r be s(5). Let v = 1 + r. Determine d(v).
6
Let y(t) = 4*t - 5*t**2 + 0*t**2 - t**3 + 2*t**2 - t. Determine y(-3).
-9
Let a = -10 - -14. Suppose 3*y - 3 = -a*m, m + 2*y - 2 = 2*m. Let b(w) = -w**2 + w - 5. Give b(m).
-5
Let b = -6 - -10. Let q(c) = 2*c**3 + 5 + 0*c - b + c**2 - 2*c. Let t = -1 + 2. What is q(t)?
2
Let w(d) = -7*d**2 + d + 1. Let p be (2 - 0) + 0 + 0. Suppose -p*b = b. Suppose 3*k + 6 + 0 = a, -4*a + 12 = b. Give w(k).
-7
Let i(l) = 7*l**3 - 11*l**2 + 6*l - 1. Let m(v) be the first derivative of -15*v**4/4 + 23*v**3/3 - 13*v**2/2 + v + 4. Let w(j) = -13*i(j) - 6*m(j). Give w(5).
7
Let c be (-2)/(-5) - (-10)/(-25). Let k(x) = -5*x + 16. Let n(d) = -2*d + 5. Let s(t) = -3*k(t) + 8*n(t). Calculate s(c).
-8
Let x(q) = q**2 + 7*q + 1. Let c be x(-6). Let k(w) be the second derivative of w**5/20 + w**4/3 - 2*w**3/3 - w**2/2 - 6*w. Give k(c).
-6
Let i(b) be the first derivative of 9*b**4/2 + 2*b**3/3 - b + 14. What is i(-1)?
-17
Let g = -1 + -5. Let n(h) = -2*h - 8. Let s be n(g). Let f(i) = 2*i + 4. Let j(o) = -3*o - 4. Let b(p) = 5*f(p) + 4*j(p). Give b(s).
-4
Let g = -88 + 83. Let v(q) = q**2 + 2*q + 1. Determine v(g).
16
Let p(l) = -l**3 + 5*l**2 - 3*l + 3. Let k = -5 - -5. Suppose -16 = -4*y - k. Calculate p(y).
7
Let v(q) = -6*q**2 - 4*q + 19. Let f(r) = -5*r**2 - 5*r + 18. Let t(z) = -5*f(z) + 4*v(z). What is t(-10)?
-4
Let l = 1 - 1. Let g(v) = -6 - 3*v**2 + 2*v + l*v + v**3 - 2*v**2. Suppose -w - 46 = -51. What is g(w)?
4
Let d(z) = -2*z. Let v(u) = -3*u**2 - u + 1. Let q be v(1). Give d(q).
6
Let y be (-1 - 24/(-15))/((-3)/(-15)). Let h(l) = -l**2 + l - 3. Give h(y).
-9
Let k(w) = w**2 - 2*w + 3. Let u(v) = -v**2 - 6*v - 2. Let q